- 1. Give y(u).
-3
Suppose 0*w - 2*w = 10. Let l(y) be the second derivative of -y**4/12 - y**3 - 3*y**2/2 - 5*y. Calculate l(w).
2
Let l(i) = -6*i**2 + 2 - 2*i**2 + i**2 + i**2 + i**3. Let v be (-2)/(-5) + (-56)/(-10). What is l(v)?
2
Let n(h) = h**3 - 2*h**2 - 4*h + 4. Let l be n(3). Let q(w) = w**2 - 2*w. Let z be q(4). Let t(u) = -7 - 3*u + 6 + z*u. Calculate t(l).
4
Let b(d) = 7*d. Let j be b(1). Let q be (j + -7)/(2 - 0). Let a(v) = v**2 + v + 4. Give a(q).
4
Suppose -5*x + 42 = x. Suppose -4 = -3*c - 1. Let b(w) = -c + 4 - 6*w - 3 + w**2 - 1. Calculate b(x).
6
Let r(o) be the third derivative of -o**5/60 - 7*o**4/24 - o**3/6 - 21*o**2. Let v(t) = 2*t. Let i be v(1). Suppose 0 = -2*z + i - 14. Calculate r(z).
5
Let u(z) be the second derivative of -z**5/20 + z**4/4 + z**3/2 + 5*z**2/2 - z + 2. Calculate u(4).
1
Let b(n) = n. Let a be b(-4). Let o(x) = x**3 + 3*x**2 - 4. Calculate o(a).
-20
Let d = -22 + 25. Suppose 0*b + 21 = d*b. Let v(z) = -z**3 + 8*z**2 - 7*z + 8. Calculate v(b).
8
Let s(t) be the second derivative of -t**3/3 - 27*t**2/2 + 37*t. Determine s(-12).
-3
Let i(w) = w**2 - 6*w - 5. Let m(v) = -4*v + 165. Let c be m(40). What is i(c)?
-10
Let r(x) be the third derivative of -13*x**6/720 + x**5/120 - 5*x**4/12 + x**3/3 + x**2 - 4*x. Let v(z) be the second derivative of r(z). Calculate v(1).
-12
Let k(o) be the second derivative of -o**5/40 + o**4/12 - 2*o**3/3 + 8*o. Let h(c) be the second derivative of k(c). Calculate h(5).
-13
Let h(j) = j**3 + 8*j**2 - 4*j + 7. Suppose 4 = -2*v, -10*v - 38 = 4*k - 9*v. Determine h(k).
-38
Let f(m) = m**3 - 12*m**2 + 12*m - 9. Let h be -33*(30/(-9) - -3). Let z be f(h). Let s(i) = -i + 1 - z + 4*i. Determine s(2).
5
Let v = 1725 - 1715. Let g(a) = a**2 - 10*a + 19. Determine g(v).
19
Let k(d) be the second derivative of -d**3/6 - 13*d**2/2 + 35*d - 1. Calculate k(-18).
5
Let t(v) = -3*v + 21. Let l be (264/297)/((10/18)/5). Calculate t(l).
-3
Let b be 5/((-25)/(-2)) + (-16)/(-10). Let n(z) = 66 - 30 + b*z + 0*z - 25. Determine n(-8).
-5
Let g be 9/4 + 5 + (-170)/40. Let b(r) = r**2 - 5*r + 8. What is b(g)?
2
Let k(p) be the second derivative of -p**4/12 + 2*p**3/3 - 3*p**2 - 2*p + 36. What is k(5)?
-11
Suppose -7 = 5*b + 3*s - 21, 5*s = 2*b - 18. Suppose 0 = b*n + 5*g - 17, n - 7 = -0*n - 4*g. Let u(z) = -z + 4 + z**3 - 3 + 3*z**2 + n. Determine u(-3).
7
Let c(l) = -l**3 + 2*l**2 + 5*l + 3. Suppose -8*j + 45 = -3*j - 2*w, 19 = 2*j - w. Suppose -7 - 21 = -j*b. Determine c(b).
-9
Suppose 0 = -3*q + 3*v - v + 10, -2*q + 6 = -v. Let t(n) = -7*n**2 - 5*n - n**3 + 5 + 4*n**2 - 2*n**q - 2*n**2. Determine t(-6).
-1
Suppose -5*l - 79 = -3*z - 95, -14 = -5*l + 2*z. Let n(g) be the third derivative of -8*g**l - 1/8*g**4 - 1/3*g**3 + 0 + 0*g - 1/60*g**5. Give n(-3).
-2
Let k(f) = 6*f**2 + 2*f - 2. Let o = 386 - 385. Determine k(o).
6
Let s(r) = 3 - r**3 + 0*r**3 + r + 0*r**3 + 3*r**2. Let u be (6/11)/(-7 - 948/(-132)). Give s(u).
6
Let p = -91 + 129. Let a(v) = 34*v**2 - 2*v + 8*v**2 - p*v**2 + 1. Calculate a(2).
13
Let m(v) = -2*v**3 + v**2 + v + 1. Let r be (1/2 - 0)/((-3)/(-18)). Let d be (-3)/r*(3 - 2). Calculate m(d).
3
Let q(m) = m**3 - 4*m**2 - 8*m + 9. Let t = 79 + -74. Let l be q(t). Let o(z) = z**3 + 6*z**2 - 2*z - 9. Give o(l).
3
Let p(m) = -m**2 + 4*m - 5*m + 0*m**2. Let c = -65 - -67. Give p(c).
-6
Let v(d) = 2*d + 7. Let b = -17 - -18. Let f be (b - 10)/(-4*5/(-20)). Determine v(f).
-11
Let k(u) be the third derivative of -29*u**4/12 + u**3/3 + 8*u**2 + 9. Determine k(-1).
60
Suppose 10*u - 8*u - 20 = 0. Suppose -1 + 41 = -u*i. Let b(r) = -3*r - 5. Calculate b(i).
7
Let c(u) be the third derivative of u**6/120 + u**5/10 + u**4/6 - u**3 - 195*u**2 + 1. Give c(-6).
-30
Let w(u) be the first derivative of 0*u**2 + 1/4*u**4 + 2*u + 11 + 8/3*u**3. Give w(-8).
2
Let k(h) = 10 - 9*h + 11*h - h. Let i be k(5). Let l = -15 + i. Let d(p) = p**3 + p**2 - 8. Determine d(l).
-8
Let x(y) = y - 3. Let s be x(7). Let o(u) = 6 + 5*u**2 + 29*u - u**3 - 71*u + 40*u. What is o(s)?
14
Let x(u) be the first derivative of -11*u**3/3 + u - 582. Give x(-2).
-43
Let d = -69 + 68. Let w(g) = -g - 2. Let f(k) = k + 1. Let l(i) = d*w(i) - 2*f(i). Determine l(3).
-3
Let l = 2 + -7. Suppose 5*r - 3*s = -0*r + 13, -4 = -r + 2*s. Let d(b) = 1 - 8 - b**2 + 2*b + r*b**2. What is d(l)?
8
Let u(x) = 4*x. Let a = -141 - -139. Calculate u(a).
-8
Suppose -21*k + 9 = -20*k. Suppose -1 = -2*m + 5*m - 2*t, -m - 4*t = -k. Let h(a) = -a. Let v(g) = g**2 + g + 1. Let c(f) = -h(f) - v(f). Determine c(m).
-2
Let c be (8/88*8)/((-4)/(-22)). Let m(g) = 2*g - 5. Let x(k) = -k + 3. Let f(v) = 3*m(v) + 5*x(v). Determine f(c).
4
Let i(s) = -8*s**2 + 15*s**2 + 1 - 2*s - 6*s**2 + 3 - 3. Determine i(1).
0
Let d(v) = v**2 - 3*v + 5. Let m be 9/((-18)/(-8)) + 0. Give d(m).
9
Let x(q) = -q**3 - 1. Let j be x(1). Let t(u) = 5*u + 9. Let a(k) = 25 - 7 - 4*k - 2*k + 17*k. Let f(v) = j*a(v) + 5*t(v). Determine f(-6).
-9
Suppose 0 = -c - 0*c + 8. Let f(v) = -15*v**3 + 16*v**2 - 28*v + 33. Let b(n) = 7*n**3 - 8*n**2 + 13*n - 16. Let t(k) = 13*b(k) + 6*f(k). Calculate t(c).
-2
Let h(u) = u - 15 - 7*u - 7 + 9*u. What is h(9)?
5
Let l(x) = 5*x**2 - 566*x**3 + 4*x - 566*x**3 + 1133*x**3 + 4. What is l(-4)?
4
Let t = -53 + 109. Let u(s) = 28*s - 5*s**2 + 3*s**3 + 23*s - 2*s**3 - t*s. What is u(6)?
6
Let n(k) = -4*k**2 - 26 - 2*k**3 - 33 - 3*k**2 - 28 + 5*k + 91. Give n(-4).
0
Let y(f) = -3*f**2 + 2 + 7*f - 2*f**2 - 3 + 16*f**3 - 17*f**3. Let d be (17 - 15) + 0 + -8. Calculate y(d).
-7
Let j(z) = -z + 4. Suppose -251 = -3*t - 266. Give j(t).
9
Let l(h) = -4*h + h**2 + 0*h**2 + 51 - 17 - 21 - 16. Suppose 2*z - 5*z + 12 = 0. Determine l(z).
-3
Let q(g) be the first derivative of -g**4/4 - g**3/3 + 11*g**2 + 4*g + 580. Give q(-5).
-6
Let g(a) be the third derivative of -a**6/120 + 7*a**5/60 + 5*a**3/3 + 93*a**2. Give g(7).
10
Let d(x) = 8*x + x**2 - 8*x - 4 + 10*x. Let m = -2177 - -2167. Calculate d(m).
-4
Suppose 0 = l + 8 - 3. Let x(t) = t**3 + 5*t**2 + 5. Let h be x(l). Let i(a) = -25 + a**2 - 2*a - 3*a + 18. What is i(h)?
-7
Let p(k) = 8*k + 135*k**2 - 46*k**2 - 41*k**2 + 3 - 46*k**2. What is p(-5)?
13
Let b(p) = p**3 + 6*p**2 + p. Let l = 96 + -64. Let n = -8 - 0. Let g be 46/n - 8/l. Calculate b(g).
-6
Let m(y) be the second derivative of -y**7/840 - y**6/180 + y**4/24 + 2*y**3/3 - 7*y. Let k(g) be the second derivative of m(g). What is k(1)?
-2
Let g = 80 + -102. Let p = g - -17. Let l(s) = s**2 + 6*s + 7. Calculate l(p).
2
Let i(c) = c**3 + 3*c**2 - 6*c - 10. Let o(n) = -n**3 + 17*n**2 + 14*n - 242. Let k be o(17). Calculate i(k).
-2
Let b(v) be the third derivative of 5*v**4/24 - 2*v**3/3 - 7*v**2. Let j be b(3). Let l = j + -17. Let x(f) = -f**2 - 7*f - 3. Calculate x(l).
3
Let l(t) = -t**3 - 7*t**2 + 9*t - 4. Suppose -4*n - 4*m - 24 = 0, -3*m + 4 = n + 6. What is l(n)?
-12
Let t = 33 - 13. Suppose 0 = 8*r - 3*r - t. Let v(s) = s**2 - 6*s + 3. Calculate v(r).
-5
Let j(p) = 2*p - 32. Let w(g) = -g**3 - 15*g**2 - 53*g - 4. Let o be w(-5). What is j(o)?
-10
Let v(x) = -4*x**2 + 2*x - 3. Let g = 446 - 444. What is v(g)?
-15
Let t(w) = -3*w**3 - 4*w - 4*w**2 - 5 + 2*w**3 - w**2. Let v(o) = o + 29. Let y be v(-33). Determine t(y).
-5
Let k(d) = -3*d + 4*d + 74 - 57 - 4*d. Give k(-13).
56
Let c(k) = 2*k + 5. Let i(n) = 2*n - 1. Let m = -22 - -17. Let s(l) = -3*l + 2. Let v(p) = m*s(p) - 8*i(p). Let x(j) = 2*c(j) + 7*v(j). Give x(3).
-13
Let l(m) be the third derivative of -m**7/2520 - m**6/720 - m**5/30 - 49*m**4/24 - 2*m**2 - 19. Let t(i) be the second derivative of l(i). What is t(-2)?
-6
Let m(r) = r**2 - 6 + 22*r + 0 - 16*r. Let k be m(-7). Let b(j) = -3*j + 1. Calculate b(k).
-2
Suppose -28 = -5*v + 2. Let s(b) = -b**2 + 6*b - 4. Determine s(v).
-4
Let q(p) be the second derivative of -5*p**3/6 - 7*p**2/2 - 137*p. Give q(-8).
33
Let l(d) = -2*d**2 + 17*d - 7. Suppose -3*r = -5*w - 44, 2*r - 2*w - 28 = -4. Determine l(r).
1
Let a(j) be the second derivative of j**4/12 - j**3/3 - 2*j**2 - 8*j + 6. Determine a(3).
-1
Let j(w) = -1 + 17*w**2 - 9*w**2 - 9*w**2. Let d(a) = 7*a**2 - a + 7. Let k(m) = -d(m) - 5*j(m). Calculate k(-2).
-12
Let z(w) = 57*w - w**2 + 2*w**2 - 103*w + 54*w - 3. Give z(-4).
-19
Let z(h) = -h**3 - 5*h**2 - 3*h - 4. Let q = -36 - -3